1111011 + 10000110001111?
10101000001010
In base 14, what is 4 + 11d16c5?
11d16c9
In base 4, what is 132223 + 10012102?
10210331
In base 8, what is -434411 - 352?
-434763
In base 8, what is 17 + -27033222?
-27033203
In base 2, what is -101 - 110100011000010111110000?
-110100011000010111110101
In base 6, what is 2 - -251151440?
251151442
In base 8, what is 3334 - -204703?
210237
In base 14, what is 47b5a - -1409?
49165
In base 2, what is 10 + 10010111100010110110010010110?
10010111100010110110010011000
In base 16, what is -21985 + 136?
-2184f
In base 7, what is 64 - -105644?
106041
In base 7, what is 4042 - -10561?
14633
In base 9, what is -3563 - 656?
-4330
In base 15, what is 14975e + -5?
149759
In base 15, what is -185 + 6d6de?
6d559
In base 12, what is 1932215 - -5?
193221a
In base 15, what is 2 - -200842?
200844
In base 14, what is -18cd6 + 0?
-18cd6
In base 16, what is -2c77d0 - -5?
-2c77cb
In base 9, what is -7314 - -4658?
-2545
In base 6, what is -234342 - 5235?
-244021
In base 5, what is -21311004122 + 2?
-21311004120
In base 14, what is 42aad9 - -6?
42ab01
In base 11, what is -8795 + 2282?
-6513
In base 5, what is 1300 + 3410434?
3412234
In base 10, what is 830440 + 48?
830488
In base 3, what is 121 - 202202000012?
-202201222121
In base 12, what is 1a0 - 4564?
-4384
In base 6, what is -1 - -15030204?
15030203
In base 14, what is b3 - -2c320?
2c3d3
In base 2, what is -11000010011010001101 + -1011101?
-11000010011011101010
In base 13, what is -2546922 - 3?
-2546925
In base 5, what is 3322441 + -12400?
3310041
In base 14, what is -11c6 - 67d7a?
-69162
In base 12, what is 2a2 + b7a?
1260
In base 12, what is -1 + 6981b2?
6981b1
In base 15, what is -2715 - 88?
-279d
In base 9, what is 61 + 10338111?
10338172
In base 4, what is -2 + 1202321312002?
1202321312000
In base 6, what is 4 - -230055025?
230055033
In base 15, what is 18 - 2855?
-283c
In base 5, what is -14110 + 223024?
203414
In base 15, what is 2 - d41bb9?
-d41bb7
In base 15, what is 7ee5ae - -2?
7ee5b1
In base 5, what is 100440 + 401322?
1002312
In base 6, what is -31 - 1350353?
-1350424
In base 16, what is -3c4e - 1c9?
-3e17
In base 5, what is 3 + -224020432043?
-224020432040
In base 13, what is 5c - 12a2060?
-12a2001
In base 11, what is 29 + -172637?
-172609
In base 9, what is -80044 + 238?
-78705
In base 10, what is 291 + -93763?
-93472
In base 13, what is 95136 + -83?
95083
In base 14, what is -69076249 + 4?
-69076245
In base 3, what is -11021122 - 22021111?
-110120010
In base 16, what is 9a9f9 - 2c7?
9a732
In base 13, what is 36c4aba - -5?
36c4ac2
In base 11, what is 0 - 53148073?
-53148073
In base 8, what is 1 - -2560536?
2560537
In base 9, what is -1562 - -35757?
34185
In base 9, what is -2 + -11644177?
-11644180
In base 7, what is -2344131005 - -1?
-2344131004
In base 14, what is b2d5 + -5c0?
ab15
In base 11, what is 1 - 5a2063?
-5a2062
In base 8, what is 5351703 + 7?
5351712
In base 9, what is -1641247 + 78?
-1641158
In base 8, what is 55 - -1117357?
1117434
In base 11, what is 117a - 1a17?
-848
In base 15, what is -2ade92a + -4?
-2ade92e
In base 5, what is 1204 + 2320314?
2322023
In base 11, what is -3 + -25561a11?
-25561a14
In base 8, what is -61017 + 121?
-60676
In base 2, what is -100011011011100 - -1101010011101?
-10110000111111
In base 5, what is 1041012124 + 1?
1041012130
In base 9, what is -515 + -1273650?
-1274265
In base 14, what is -457 + -53a20?
-54077
In base 12, what is -2685 + 1943?
-942
In base 5, what is 0 + 2404333112?
2404333112
In base 3, what is -1020 + 10102120101201?
10102120100111
In base 6, what is -130254 - 5542?
-140240
In base 10, what is 11 + 72206428?
72206439
In base 9, what is -231244 - -342?
-230802
In base 4, what is 121122023 + -2210?
121113213
In base 6, what is -20 + 3241221?
3241201
In base 12, what is bb38523 + -2?
bb38521
In base 10, what is -166642 - 4642?
-171284
In base 6, what is -525312114 + 1?
-525312113
In base 6, what is -4034 + -523235?
-531313
In base 6, what is -30413553 + 2?
-30413551
In base 5, what is -103 - 3320103211?
-3320103314
In base 3, what is -110 + -120102201101?
-120102201211
In base 13, what is -1 + -4aa7280?
-4aa7281
In base 16, what is -e9 + c2be?
c1d5
In base 11, what is -22 - 73346?
-73368
In base 4, what is -3230023223 - 223?
-3230030112
In base 14, what is -2 - -c8379b?
c83799
In base 9, what is -5 - -13216702?
13216686
In base 3, what is -111122212000 - 112?
-111122212112
In base 11, what is -24361 + -229?
-2458a
In base 13, what is 2815 - 1b49?
999
In base 2, what is 110011111100111111111101 - 100?
110011111100111111111001
In base 10, what is -10 + 951848?
951838
In base 3, what is 20101200210100 - -21?
20101200210121
In base 12, what is -7453b + -367?
-748a6
In base 8, what is -114766140 - 32?
-114766172
In base 7, what is -14236301 - 100?
-14236401
In base 9, what is -405667 + 87?
-405570
In base 6, what is -25 + -324052122?
-324052151
In base 5, what is 100441210 + 4?
100441214
In base 2, what is 10010 + -11110100010010111100?
-11110100010010101010
In base 5, what is 0 - 114013111232?
-114013111232
In base 8, what is 0 + -671637351?
-671637351
In base 10, what is -3772 + 1927?
-1845
In base 9, what is -112584 + 52?
-112532
In base 9, what is 118171855 - 6?
118171848
In base 2, what is 101100001100111011 - -11110?
101100001101011001
In base 14, what is -397b282 + 2?
-397b280
In base 12, what is -17247a + -26?
-1724a4
In base 8, what is -3501532015 - 1?
-3501532016
In base 2, what is 100111 + -10010011100010101001010?
-10010011100010100100011
In base 14, what is 2a333c - 3a?
2a3302
In base 10, what is -351543 + 12?
-351531
In base 2, what is 11 + 101011100001100101110?
101011100001100110001
In base 9, what is -128 - 12164?
-12303
In base 12, what is -5b70412 + -2?
-5b70414
In base 3, what is -12121102022001 + -2121?
-12121102101122
In base 4, what is 121113220013 + -10?
121113220003
In base 11, what is 172 - -114310?
114482
In base 13, what is 1 + 2c48b0b?
2c48b0c
In base 16, what is -1ce05e27 + -1?
-1ce05e28
In base 7, what is 66 + 22351145?
22351244
In base 4, what is 1230 - 330111031?
-330103201
In base 15, what is -435 - 10839?
-10c6e
In base 2, what is 1111101010 + 100001000100?
110000101110
In base 5, what is -2 - -1021240100122?
1021240100120
In base 9, what is 310761 + -152?
310608
In base 13, what is -ab89c29 - -5?
-ab89c24
In base 11, what is 18 + -1267229a?
-12672282
In base 2, what is -100011 + -100000010010011100111100?
-100000010010011101011111
In base 2, what is 110110101 + 110100001101110?
110101000100011
In base 7, what is -362661215 - 4?
-362661222
In base 9, what is 4805 - 276480?
-271574
In base 6, what is 0 + -115112032?
-115112032
In base 7, what is 1125034 + 161?
1125225
In base 10, what is -97 - 26023?
-26120
In base 8, what is -4557216 + 171?
-4557025
In base 10, what is -4159457 - -6?
-4159451
In base 5, what is 143040 - 122340?
20200
In base 9, what is 164 - -10655?
10830
In base 7, what is -65310 + -511?
-66121
In base 13, what is a7 + -54bac?
-54b05
In base 4, what is 13330012201 - 3?
13330012132
In base 10, what is 1 - 43297343?
-43297342
In base 2, what is -10101010101 - -10110011010110?
10011110000001
In base 9, what is -850646 + -60?
-850716
In base 6, what is 200010 + -342?
155224
In base 3, what is -22212100 + 21222221?
-212102
In base 16, what is -41eb7fe - -5?
-41eb7f9
In base 8, what is 4175 - 30306?
-24111
In base 11, what is a0a687 + 3a1?
a0aa78
In base 14, what is 1888 + -288b0?
-27026
In base 15, what is 14 - 13e068?
-13e054
In base 15, what is 6513d - -d?
6514b
In base 11, what is 46503 + 204?
46707
In base 4, what is -30 - -120020203212?
120020203122
In base 14, what is -a81662 - a9?
-a8172b
In base 4, what is -10202001122 - -212?
-10202000310
In base 9, what is 81 - 2821241?
-2821150
In base 9, what is -150 - -6683?
6533
In base 11, what is 1123 - -52a0?
6413
In base 4, what is -1203311022033 - -10?
-1203311022023
In base 14, what is b36b - bcb?
a580
In base 15, what is -19bd78 + a3?
-19bcc5
In base 6, what is 1213 - 305000?
-303343
In base 2, what is 1011000011 + -10101100101?
-1010100010
In base 8, what is 12441126 + -12?
12441114
In base 5, what is -31322203014 - -1?
-31322203013
In base 11, what is -176a75436 + 3?
-176a75433
In base 6, what is -43